**2 - g**3 + 3*g**2. What is p(6)?
8
Suppose -2*w = 5*c + 5, c = 3*c + 2. Suppose -g - 5 + 1 = w. Let a(s) = -s**2 - 5*s + 1. Calculate a(g).
5
Let d(z) = -z - 3*z - z**3 + 4 + 176*z**2 - 172*z**2. What is d(4)?
-12
Suppose -2*w + 8*w - 12 = 0. Let g(q) = -6*q**2 + 3*q - 4. Let z(x) = -13*x**2 + 7*x - 9. Let v(n) = 9*g(n) - 4*z(n). What is v(w)?
-10
Suppose 2*y = -4*u + 2, 0*y + 3*u - 4 = -2*y. Let z(t) = t**3 - 6*t**2 + 6*t + 5. Calculate z(y).
10
Let l(c) = -4*c**2 - 7*c + 4. Let d(m) = -3*m**2 - 7*m + 4. Let p(o) = 5*d(o) - 4*l(o). Calculate p(5).
-6
Let u(o) = o**2 + 7*o - 3. Suppose 5*m = 12*m + 35. Determine u(m).
-13
Suppose -11*l = -15*l. Let s(b) = -4*b - 3. Let i(q) = -7*q - 6. Suppose 9 = j + 2*j. Let x(v) = j*i(v) - 5*s(v). Calculate x(l).
-3
Let j(s) = 0 + 0 + 2*s. Let x = 240 - 239. Calculate j(x).
2
Let u(j) = 5*j + 1. Let a(p) = p**2 + 13*p - 2. Let f be a(-13). Give u(f).
-9
Let x(a) = -a**3 - 6*a**2 - 4*a + 7. Let w = 2 - 7. Let z be x(w). Let q(f) = 4*f - f**3 + f**z - 4*f**2 - f**2 + 2. What is q(-5)?
7
Let z be -2 - -4 - (15 - 0). Let f = 7 + z. Let h(n) = 2*n + 9. What is h(f)?
-3
Let l(d) = -9 + 4*d + 5 - 3 - 5*d. Suppose 0 = -5*r - 5*i - 5, -15 = -0*i - 3*i. Determine l(r).
-1
Let w(i) = i**2 - 10*i + 9. Let z(g) = g**2 + 12*g + 8. Let o be z(-12). Determine w(o).
-7
Let m(d) = d + 1. Let h(x) = -1. Let f(u) = -5*h(u) - 3*m(u). Suppose -4 = -0*r + 2*r. Determine f(r).
8
Let h(i) = 14*i**3 + 32*i**2 + 21*i + 4. Let m(y) = -5*y**3 - 11*y**2 - 7*y - 1. Let n(v) = 4*h(v) + 11*m(v). Give n(-6).
-1
Let o(t) = t + 8. Let l be o(-12). Let u(k) = k**2 + 3*k + 5. Calculate u(l).
9
Let z(t) = -t**3 - 3*t**2 + 2. Let v be z(-3). Let y(q) = q + 7. Let g(j) = -j - 8. Let u(p) = -5*g(p) - 6*y(p). Determine u(v).
-4
Let r(s) = 2*s - 3. Let g be r(4). Let o(m) = -3*m**2 - m + 7. Let n(a) = -5*a**2 - 3*a + 13. Let z(h) = 4*n(h) - 7*o(h). Calculate z(g).
3
Let q(t) be the first derivative of t**2 + t + 19. What is q(2)?
5
Let l(n) = n**2 - n. Let z(t) = t + 0 - 4*t**2 - t + 1 + t. Let g(x) = -3*l(x) - z(x). Let f(v) = v**3 - v**2 + v - 4. Let j be f(0). What is g(j)?
7
Let h(k) = k**2 + k. Suppose 27 = -a + 4*a. Let x be -3 + (a/3)/(-3). Let o be -2*(-1)/x*0. Give h(o).
0
Let d(s) = -s - 2. Let m(q) = -2*q - 4. Let t(i) = -3*d(i) + m(i). Calculate t(-9).
-7
Let t(n) = -n**3 + 7*n**2 - 4*n - 5. Suppose -29 = -4*l - w, 0 = -5*l + 4*w - 9*w + 55. Give t(l).
7
Let t(m) = -3*m**2 - 18*m + 3. Let y be t(-6). Let f(x) = 2*x + 4. Give f(y).
10
Let d be 4/10 - 6/15. Let s(m) = -2*m - 5 + d + 4 - 3*m**3. Let i(j) = -j - 8. Let f be i(-7). Determine s(f).
4
Let w(m) = -7 - 18*m**2 + 35*m**2 - 18*m**2 + 9*m. Determine w(6).
11
Suppose 6*g + 25 = g. Let v be (-24)/(-16)*8/6. Let a(y) = y - y - y + v. What is a(g)?
7
Let g be (-22)/8 + 2/(-8). Let k(t) be the third derivative of t**5/60 + t**4/12 - t**3/3 + 38*t**2. Determine k(g).
1
Let x(k) = 4*k**3 + 3*k**2 - k - 2. Let j be x(-1). Let p(u) = 2*u**3 + u + 2. What is p(j)?
-16
Let g(x) = 4*x - x**3 - 15*x + 3 + 3*x + 6*x + 6*x**2. Give g(6).
-9
Let f = -12 + 7. Let o be 6 - (2 + f + 0). Let k = -12 + o. Let t(s) = -2*s - 3. Determine t(k).
3
Let p(n) = -3*n**2 - 2*n - 9. Let h(l) = l**2 - l + 1. Let m(o) = -2*o - 6. Let i be m(-4). Suppose -j + i*j = -4. Let b(s) = j*h(s) - p(s). What is b(5)?
10
Let j(o) = o**3 - 2*o + 3. Suppose 2*p - p - 7 = 0. Let v be -2 - (3/3 - -2). Let b = p + v. Determine j(b).
7
Let d(u) = u**2 + 8*u + 2. Suppose c + 7*c + 48 = 0. Calculate d(c).
-10
Let l(h) = -2*h + 5. Let o be l(-5). Suppose o = 2*r + 7. Suppose 0*u = -r*g - u + 4, g + 5*u = 1. Let f(i) = -i + 1. Give f(g).
0
Let t(w) = 2*w + 5 + 8 - 20 + 4. Give t(2).
1
Let f(c) = c**2 - 6*c. Suppose 11 + 19 = 5*v. Suppose v*s - s = 25. Calculate f(s).
-5
Let i be 0 + -1 - (-2 + -2). Let f(l) = 2*l - 4*l**2 + i*l**3 - 4*l**3 - 3*l. Suppose 0 + 8 = -a + 5*k, -2*a = k + 5. Determine f(a).
-6
Let x(y) = -1 + 1 - 2 + 1. Let h(o) = o + 1. Let p(k) = h(k) + x(k). Give p(4).
4
Let t(b) be the second derivative of b**3/6 + 2*b**2 - 8*b. Give t(-5).
-1
Let g be (2/4)/((-1)/2). Let f(c) = -c + 1. Let b(n) = -5*n**2 + 6*n - 7. Let t be 1/2*(-8)/(-4). Let p(z) = t*b(z) + 6*f(z). Give p(g).
-6
Let r(p) = -p**2 - p. Let x be 1*(0 - (-3 + (-1 - -6))). Calculate r(x).
-2
Let w(v) = -7*v + 2*v - 1 - v. Let r be ((-10)/(-15))/(2/15). Suppose -r*l = 5 - 10. What is w(l)?
-7
Let w(k) = k**2 - 5*k + 3. Let y be w(5). Let f(v) = v + v - 1 - v**2 + y. Let x be -3 - -5 - (-1 + 0). Give f(x).
-1
Let h(b) = -b**3 - b**2 + 4*b. Let w be 0/2 + 4/2. Let m be 2*1*6/(-4). Let l be w*m/(-6) + -4. Calculate h(l).
6
Suppose 2*r - 3*z = 34, 9*z + 10 = r + 4*z. Suppose 2*i - 7*i + r = 0. Suppose 2 = -a - 0, 0 = i*x - 5*a - 22. Let j(g) = -g**2 + 4*g + 1. What is j(x)?
4
Let v(u) = u + 5. Let t be v(6). Let m = t + -8. Let d(c) be the second derivative of c**5/20 - c**4/3 + c**3/3 - c**2/2 + 3*c. Give d(m).
-4
Let n(o) be the third derivative of 0 + 0*o + o**2 - o**3 - 1/60*o**5 - 5/24*o**4. What is n(-5)?
-6
Let q = 12 + 23. Suppose -2*o + 5 - 1 = 3*v, 5*o = 5*v + q. Let w(f) = -f**3 + 6*f**2 - 5*f + 5. Give w(o).
5
Let a be 4/6*9/4. Let q(y) be the second derivative of 1/2*y**3 + 0 + a*y**2 - y. Give q(-2).
-3
Let t(u) = 2*u**2 + 17*u - 2. Let h = -30 - -21. Let z be t(h). Let d(l) = l**2 - 6*l + 1. Determine d(z).
8
Let i(x) = -x + 0*x + 0 + 0*x - 1. Give i(-6).
5
Let p(l) = -l - 4. Let w(o) = -o**2 + 4*o + 4. Let a be w(4). What is p(a)?
-8
Let t(r) = -2*r**2 - 12*r + 27. Let q(c) = -c**2 - 6*c + 13. Let u(j) = -13*q(j) + 6*t(j). Give u(-7).
0
Let a(i) = -i**2 - 16*i + 16. Let h be a(-17). Let o(v) = 12*v**3 + 2*v**2 - 1. What is o(h)?
-11
Let y(c) = c + 3. Let g be 7/(14/12)*1. Suppose -3*v - g = -3*n, -2 - 5 = -n - 4*v. Suppose n*j - 4 + 16 = 0. What is y(j)?
-1
Let f(w) = 9*w + 1. Let m(c) = -c. Suppose 1 = -0*h + h. Let i(x) = h*m(x) + f(x). Give i(-1).
-7
Let b(w) = -w - 8. Let n be (2/4)/((-1)/10). Determine b(n).
-3
Let x(c) = -3*c + 7. Suppose 0 = 2*n - 13 + 3. What is x(n)?
-8
Let y = -1 + -3. Let h(t) = 5*t**3 + t + 6. Let w(j) = 6*j**3 - j**2 + j + 7. Let v(u) = 5*h(u) - 4*w(u). What is v(y)?
-2
Let o(p) = 12*p + 1. Let f be 3*(-2)/(-12)*2. What is o(f)?
13
Suppose 15 = -j + 4*j. Suppose 4*b - 35 = -5*p - b, 21 = j*p - 2*b. Let m(o) = 10*o - 10. Let k(s) = s - 1. Let q(x) = 18*k(x) - 2*m(x). Calculate q(p).
-8
Let i(h) = -h**3 - 8*h**2 - 10*h - 7. Suppose 2*o - 5*x = -22, 3*x - x = -o - 2. Determine i(o).
-19
Let r(m) = 0 - 3 + 6*m - m**2 + 2 + 3. Let h be r(5). Let g(v) = -h - v**2 + 2*v**2 + 3 + 5*v + 2. What is g(-4)?
-6
Let t(b) = b**2 + 2*b - 3. Let w(d) = 2*d**2 - 2*d - 2. Let j be w(2). Determine t(j).
5
Let l = 62 - 59. Let z(x) = -x**3 + x**2 + x + 4. What is z(l)?
-11
Let a(v) = -v**2 - v + 8. Let j(t) = t**2 - 7. Let p(m) = -3*a(m) - 4*j(m). Let n be (-6)/6*(2 - -1). Let q(b) = -b**2 - 4*b + 1. Let i be q(n). Give p(i).
0
Let w(f) = -f**3 - 7*f**2 + 3. Let u(y) = -2*y**3 - 14*y**2 + 5. Let d(r) = -6*u(r) + 11*w(r). Let p be d(-7). Let q(l) = -l. What is q(p)?
-3
Suppose 8*m = 4 - 20. Let i(d) = -4*d - 2. Determine i(m).
6
Suppose -10*n = -4*f - 9*n - 52, 3*n = 4*f + 52. Let g(p) = p**2 + 12*p - 6. Give g(f).
7
Let s be -1 + (-26)/(-22) + 100/(-550). Let k(q) = -q**3 + q - 11. Determine k(s).
-11
Let l be (-272)/32 + (-2)/(-4). Let o(b) = b**3 + 7*b**2 - 11*b - 5. Determine o(l).
19
Let m(r) = -2*r**2 - 9*r. Let q(h) = -2*h**2 - 51*h + 43*h + h**2. Let j(b) = 2*m(b) - 3*q(b). Give j(4).
8
Let c(y) = y**3 + 4*y**2 + 3*y + 1. Suppose 0*h + 10 = -5*h. Let m be 0 + h/(4/6). Determine c(m).
1
Let q(o) be the third derivative of -1/8*o**6 + 0*o**5 + 0*o + 0*o**3 + 5*o**2 + 1/24*o**4 + 0. Give q(1).
-14
Let o(q) = -4*q - 2. Suppose 7*f - 3 = 3*j + 4*f, -j = 4*f + 6. Give o(j).
6
Let m(h) be the second derivative of 13*h**4/12 + 3*h**3/2 - 21*h**2/2 + 4*h. Let s(t) = -3*t**2 - 2*t + 5. Let q(r) = 2*m(r) + 9*s(r). What is q(3)?
-6
Let l(r) = -2*r**3 + 2*r + 1. Let o(k) = k**3 - k**2. Let w(b) = -l(b) + 2*o(b). Let z(c) = -9*c**3 + 4*c**2 + 3*c + 2. Let d(t) = -7*w(t) - 3*z(t). Give d(4).
-11
Let w = -8 + 3. Let s be w/1 - (-7 + 4). Let i(r) = -r**3. Determine i(s).
8
Suppose 5 = 4*a + 1. Let k(v) = -9*v + 1. What is k(a)?
-8
Let m(b) =